) + 4*o(v). What is the units digit of y(d)?
7
Suppose -2*c = -p, 6 = 4*c - 5*p - 0. Let x = c + 4. Suppose 0 = x*y - 18 - 12. What is the tens digit of y?
1
Let j = 58 + 64. What is the units digit of j?
2
Suppose 0 = -0*b - 3*b + 6. Suppose -b*c = -35 - 13. What is the tens digit of c?
2
Let t be 6/4*(-52)/(-6). Suppose 4*d = -5*h + 23, 0 = 5*h - 2*d - 10 - 1. Let b = t - h. What is the units digit of b?
0
Let r(h) = 1 + 6*h - 4*h + 0. Let n be r(-3). Let o = -3 - n. What is the units digit of o?
2
Suppose 370 = 5*i + 5*a, i - 3*i + a = -148. What is the tens digit of i?
7
Let u(q) = q**2 - 4*q + 6. Let p be u(4). Suppose 21 = 3*l + p. Let b(g) = -g**3 + 4*g**2 + 5*g + 6. What is the units digit of b(l)?
6
Let m be (-2)/12 + 25/6. Suppose -z + 22 = -m*c, -7*z - 3*c - 7 = -3*z. What is the units digit of z - (4 - (1 - -2))?
1
Suppose 3*o = 4*o - 60. Suppose -p = p - o. Suppose -4*s + s = -p. What is the units digit of s?
0
Suppose -5*l + 256 + 124 = 0. What is the units digit of l?
6
Let h be 3 - 2*(-3 + 2). Suppose h*j - 17 - 16 = -f, -2*f = -2*j - 6. Let r(b) = b**2 - 7*b + 11. What is the tens digit of r(f)?
1
Let d(t) = 3*t**2 + 4*t. Let j be d(-3). Suppose -j - 13 = -4*w. What is the units digit of w?
7
What is the hundreds digit of (1/3)/(3/1422)?
1
Let x = 26 + -42. Let r = -15 - -7. Let f = r - x. What is the units digit of f?
8
What is the units digit of (-1)/(-4) + (-51)/(-4)?
3
Let z = 4 + -8. Let a = z - -7. Suppose -3*q + a*c = q - 16, -2*q - 5*c = -8. What is the units digit of q?
4
Suppose -18 = -6*p + 3*p. Let t(q) = 2*q + 11. Let v be t(-6). What is the units digit of (p/(-18))/(v/24)?
8
Suppose -5*z = -3*z - 12. What is the tens digit of 450/21 + z/(-14)?
2
Suppose 0 = z + 5*b + 77 - 31, -4*z = -2*b + 140. Let t = 53 + z. What is the units digit of t?
7
Let r be 40/3 - (-1)/(-3). Suppose r - 4 = 3*u. Suppose -c + d - 9 = -2*c, u*c = -d + 27. What is the units digit of c?
9
Suppose -j + 8 = 47. Let x = -23 - j. What is the units digit of x?
6
Let q = -32 - -9. Let x = -14 - q. What is the units digit of x?
9
Suppose -3*a + 377 = 4*s, -2*s = -0*s + 5*a - 171. What is the tens digit of s?
9
Let v be (-3)/(-6) + 3/2. Suppose c = -4 - v. What is the units digit of (-34)/(-3) - (-2)/c?
1
Let s(m) be the second derivative of m**5/20 + m**3/6 - m**2 - 3*m. What is the units digit of s(2)?
8
Let y(d) = d**3 + 4*d**2 - 2*d + 1. Let s be y(-4). What is the units digit of 1/(-3) - (-75)/s?
8
Suppose g - 4*g = -24. Let d = g - -16. What is the units digit of d?
4
Suppose 2*i - 2 = 4*b, -5*i + 27 = -3*b + 8. Suppose b*k = -4*u + 12, 2*u + 2*u = 4*k - 72. What is the units digit of k?
4
Suppose 5*m + 159 + 14 = i, 3*m = -i + 173. What is the tens digit of i?
7
Let v(p) be the second derivative of -p**3/6 - p**2/2 - 2*p. What is the units digit of v(-3)?
2
Suppose 0 = 3*i - 5*b - 62, -3*b = 3*i - 6*b - 72. What is the tens digit of i?
2
What is the tens digit of ((-20)/(-15))/(-2 - (-1136)/567)?
7
Let s = 2 - 0. Suppose 0*n - n = -s. Suppose v + n*v = 69. What is the tens digit of v?
2
Let m(j) = -j - 1. Let s(u) = -u - 2. Let a(v) = 7*m(v) - 6*s(v). What is the tens digit of a(-6)?
1
Let i(h) = -h**3 - 10*h**2 - 12*h + 12. What is the tens digit of i(-9)?
3
Suppose 2*p + 0*p - 6 = 0. Suppose 26 = 2*o + 10. Suppose -o*v + 25 = -p*v. What is the units digit of v?
5
Let u(a) = a**3 + 5*a**2 - 2*a - 7. Let w be u(-5). Suppose j = 3*k + 31, 6*j + 4*k - 41 = w*j. What is the units digit of j?
9
Suppose 2*m = m + 6. Suppose -2*b = y - 11 - 1, -3*y - m = 0. What is the units digit of b?
7
Suppose 5*w - 5 = -0. What is the units digit of (-234)/(-24) - w/(-4)?
0
Suppose -2*x + 2*a + a = 141, -3*x = -5*a + 210. Let p = -45 - x. What is the tens digit of p?
3
Suppose -19*k = -17*k - 144. Let q = k - 22. What is the units digit of q?
0
What is the units digit of (-2)/4*(-2074)/17?
1
Let f be (-4)/4 - 2*-2. Suppose -q + 36 = 4*t - t, f*t + 2*q - 33 = 0. What is the units digit of t?
3
Let u(g) be the first derivative of g**2 - 11*g - 2. What is the units digit of u(8)?
5
Let i(s) = -9*s - 2. Let r be i(-4). Suppose -r = -3*l + 47. What is the units digit of l?
7
Let h(q) = -q + 3*q**2 + 0*q**2 - 2*q**2 - 4*q**3 - 1. What is the units digit of h(-1)?
5
Let c = 7 - 5. Suppose 0 = 7*z - c*z - 25, 2*q - z = -5. Suppose q = -3*f + 5 + 31. What is the units digit of f?
2
Suppose -19 = 5*h + 101. What is the units digit of h/32 + (-55)/(-4)?
3
What is the units digit of 75/(-9)*(-1 + -2)?
5
Suppose 0 = -q + 4*q - 84. What is the tens digit of q?
2
Let h = 17 + -8. Let n(y) = -y + 10. Let q be n(7). Suppose -6*s = -q*s - h, r = -5*s + 19. What is the units digit of r?
4
Suppose -4*j = -5*v - 4, -j = -3 + 2. Suppose -z + 5*q + 0*q + 32 = v, -11 = -3*z - 2*q. Let i(h) = -h**3 + 7*h**2 + h + 6. What is the tens digit of i(z)?
1
Suppose 3*s = -y - 1 - 7, 5*y - 2*s = -74. Let x(j) = j**2 + 5*j - 5. Let f be x(-5). Let g = f - y. What is the units digit of g?
9
Let j(h) = 11*h - 7. What is the tens digit of j(5)?
4
What is the tens digit of (((-444)/15)/(-1))/(14/105)?
2
Let b = -8 - -4. What is the tens digit of (b/(-10))/((-1)/(-45))?
1
Let b = -7 + 7. Suppose -5*q - 5*l + 70 = b, -4*l + 71 = q + 4*q. What is the tens digit of q?
1
Let c(a) = -32*a + 5. What is the tens digit of c(-2)?
6
Suppose -13*k - 66 = -14*k. What is the tens digit of k?
6
Let a = 1 - 1. Suppose 36 = -a*t + 2*t. What is the tens digit of t?
1
Let z be 4/(-2)*(-2 - -1). Suppose h - 4 = -z. What is the units digit of h?
2
Suppose 0*f - 4*f + 1 = -5*b, 4*f - 28 = -4*b. Let s = f - 3. Let t = 0 + s. What is the units digit of t?
1
Suppose -2*d = -3 - 9. What is the units digit of d?
6
Let w = 78 + -20. Suppose -5*z = 3*a - w, -3*a = -0*z - z - 64. What is the units digit of a?
1
Suppose 4*v + 33 = b - 3, -3*v - 28 = -b. What is the tens digit of -6*2/8*v?
1
Suppose x = 3*x - 10, 3*g - 5*x = -19. Let u be (g - (-1 - -2))*3. Let s = 5 - u. What is the units digit of s?
2
Suppose 5*c - 8 = 4*v, 2*c + 3 = 3*v + 2. Let b = 4 - c. Suppose -m + 4 = g - 12, m = b. What is the units digit of g?
6
Suppose 100 = -5*v - 30. What is the units digit of ((-8)/(-4) - v)/2?
4
Let l(x) = -x**2 + 4*x + 6. Let o be l(5). Suppose -o - 11 = -n. What is the tens digit of n?
1
Let c(q) = -5*q + 6. What is the units digit of c(-7)?
1
Let z = -4 - -8. Suppose y = z*v - v + 6, 3*v = -3. Suppose t + 5*n + 5 = 0, y*t - 7*t + 43 = -n. What is the units digit of t?
0
Let n(y) = -y**3 - 7*y**2 - 5*y + 6. Let q be n(-6). Let v be 6/4*2 + 0. Suppose q = -2*x - v*x + 45. What is the units digit of x?
9
What is the tens digit of (-2)/(-7) + 1377/7?
9
Let d(t) = 23*t**3 - 2*t**2 + 8*t - 1. What is the tens digit of d(2)?
9
Let f = 24 + 1. Let w = f + -17. What is the units digit of w?
8
Let c be (3 - 3) + 2 + 3. Suppose z - 2*v = -0*v - 22, 50 = -c*z - 2*v. What is the units digit of 19/3 - 8/z?
7
Let f be (-19)/(-4) - 2/(-8). Suppose -2*a - 5*h - f = 0, -7*a - 4*h = -3*a - 8. What is the units digit of a?
5
Suppose 0 = -k - 3*j - 4 + 5, 0 = 4*k - 2*j - 18. What is the units digit of k?
4
Suppose 0 = -4*o + y - 55 - 1, 17 = -o + y. Let h(n) = 2*n**2 - 5*n + 9. Let a be h(4). Let w = a + o. What is the units digit of w?
8
Let s(r) = -r**3 + 3*r**2 - r + 1. Let m be s(2). Let c be (2 + 1)/(-2 + 1). Let y = m - c. What is the units digit of y?
6
Let y(f) = f**3 + 7*f**2 - 3*f + 2. What is the tens digit of y(-7)?
2
Suppose 0 = -5*j - 47 - 18. Let p = j + 27. What is the units digit of p?
4
Suppose 6*j = 3*j + 78. Let f = 44 - j. What is the tens digit of f?
1
Let q be 1/(16/14 - 1). Let r(x) = -5*x - 7*x**2 + 5*x**2 + q + x**2. What is the units digit of r(-6)?
1
Let v = 88 + -31. Suppose -3*w - 2*r = -v, 4*w = 3*r + 114 - 21. Let y = -13 + w. What is the units digit of y?
8
Suppose n - 1 = 3. Let r(a) = a**2 + 5*a - 10. Let k be r(-7). Suppose -t = k*y - 25, -34 + n = -2*t - 4*y. What is the units digit of t?
5
Let m(p) be the first derivative of -p**2/2 + 4*p - 4. What is the units digit of m(-4)?
8
Let o = -12 + 22. What is the tens digit of (-5)/o - 63/(-2)?
3
Let x(l) = -l + 3. Let f be x(4). Let y(v) = -13*v. What is the units digit of y(f)?
3
What is the tens digit of (7/(-3))/((-6)/450)?
7
Suppose -370 = -5*g + 20. What i